**3 - 7*w**2 - 9*w - 5. What is the remainder when 36 is divided by n(-6)?
10
Let k be (2/(-3))/((-2)/15). Suppose 0 = k*p - 5*a - 20, p = -0*p - a + 2. What is the remainder when (-4)/(-6) - (-79)/p is divided by 15?
12
Suppose k + 2*x = 5*x + 4, 0 = 4*k - 5*x + 5. Let n(f) = 0*f - 4*f**3 - 3*f**2 + 4*f + 3*f**3 - 2. What is the remainder when n(k) is divided by 10?
8
Let r(d) = d**3 - 2*d**2 + 3*d. Calculate the remainder when 11 is divided by r(2).
5
Let u = -2 + 2. Suppose -4*j + 5*l = -100, j + u*l - 25 = -4*l. Suppose -5*y + 30 + j = 0. Calculate the remainder when 20 is divided by y.
9
Suppose -2*c + 15 = -15. Calculate the remainder when 59 is divided by c.
14
Let a(i) = -i**3 + 5*i**2 - 2*i - 2. Let h be a(3). Suppose h*s + 37 = 11*s. What is the remainder when s is divided by 14?
9
What is the remainder when (-3)/15*0 + 18 is divided by 7?
4
Suppose 5*c - 4*b + b = 63, 0 = 2*c - 2*b - 22. Let q = -8 + c. Suppose -2*y = -15 - q. Calculate the remainder when 21 is divided by y.
10
Let g = -5 + 6. Let o(b) be the second derivative of 5*b**4/12 - b**3/6 + b**2/2 - b. What is the remainder when 9 is divided by o(g)?
4
Let m = -4 - -8. Suppose -4*w = -6*u + m*u - 118, 4*u = w - 40. Let p = 45 + -30. What is the remainder when w is divided by p?
13
Let m = -8 - -5. Let h be (1/3)/(1/m). What is the remainder when 2*(5 + 1/h) is divided by 5?
3
Let q = 2 - -2. Suppose -11 = -b + 7. Let j = b - q. What is the remainder when 41 is divided by j?
13
Calculate the remainder when 182 is divided by 62*6/24*4.
58
Let z be (3 + 0)*15/9. Let d be (4/(-10))/((-1)/z). Suppose 5*y + 5*t - 41 = d*t, t - 2 = 0. Calculate the remainder when 13 is divided by y.
6
Suppose 3 = r + 2, 5*a - 251 = 4*r. Suppose -4*i = 4*p - p - 57, -4*p + 3*i + a = 0. What is the remainder when 58 is divided by p?
13
What is the remainder when 31 is divided by (-6 + 10)/(50/(-18) + 3)?
13
Let r = -2 - -4. Suppose r*h - 75 = -3*h. What is the remainder when 44 is divided by h?
14
Suppose -h + w + 41 = 0, 0 = h + 2*h + w - 123. What is the remainder when h is divided by 21?
20
Let k(t) = t**2 + 3*t. Let g be k(-5). Calculate the remainder when 140/g*2/4 is divided by 3.
1
Suppose -52 = -2*x - 2*x. Suppose 11*w - 125 = 6*w. Calculate the remainder when w is divided by x.
12
Let q = -4 - -11. Let o(d) = -5*d. Let h be o(2). Let w = 9 - h. What is the remainder when w is divided by q?
5
Let o(g) = 6*g**2 - 2. Suppose -6*b + 40 = 4. What is the remainder when o(-2) is divided by b?
4
Let u(j) = 60*j - 4. Let y be u(2). Suppose 2*k + 0*k = y. What is the remainder when k is divided by 15?
13
Let z be 50/(-6) - 7/(-21). Let a(t) = -t - 12. Let o be a(0). Calculate the remainder when 16 is divided by ((-18)/o)/((-2)/z).
4
Suppose -3*j + 327 = -0*j. What is the remainder when j is divided by 28?
25
Suppose 5*w - 5*m - 45 = 10, -3*w - 5*m + 73 = 0. Calculate the remainder when 53 is divided by w.
5
Suppose -p - 3*p + 27 = 3*v, -5*p = 4*v - 37. What is the remainder when 50 is divided by v?
11
Let k = 9 + 1. Let l be 1/((-2)/(-420)*2). What is the remainder when (l/10)/(3/8) is divided by k?
8
Suppose 0*h + 10 = 5*h. Let w(c) = -c - 1 - 10 + c**h + 4. Calculate the remainder when 37 is divided by w(5).
11
Let d be (-3 - 1)*(-42)/8. Suppose -3*i = 6 - d. Suppose 3*z = i*z - 22. What is the remainder when z is divided by 4?
3
Let o = 192 + -170. What is the remainder when 46 is divided by o?
2
Let a(q) = -q - 6. Let c be a(-11). Suppose -l + 15 = b + l, c*b + 2*l = 59. Calculate the remainder when 54 is divided by b.
10
Let q(r) = 6*r**2 - r - 1. Calculate the remainder when q(-2) is divided by ((-56)/(-6))/(2/3).
11
Suppose 0 = 5*n - n - 16. Suppose 11 = n*q + 5*w - 1, 12 = 4*q + 2*w. Let y = 571 + -560. Calculate the remainder when y is divided by q.
2
Let g(o) = -3 - 6*o + 2*o + 8 - 8. Let y = -9 - -6. What is the remainder when 26 is divided by g(y)?
8
Suppose -5*i = 3*m - 121, -1 = -m + i + 26. Suppose m = q + a, 5*q - 160 = -0*q + 4*a. Let u = 38 - 27. Calculate the remainder when q is divided by u.
10
Calculate the remainder when 3/6*22 - 1 is divided by 7.
3
Let y be (-4)/10 - (-171)/15. Suppose -t + 2*t - y = 0. What is the remainder when t is divided by 4?
3
Let n = -91 - -169. Suppose 15*s - 440 = -7*s. What is the remainder when n is divided by s?
18
Let w = 77 + -53. Suppose 0 = w*p - 23*p - 12. Calculate the remainder when p is divided by 7.
5
Suppose -2*i = 5*i - 224. Let v = -12 - -29. What is the remainder when i is divided by v?
15
Suppose 5*u - 1687 = 4*n, u - 85 - 258 = -2*n. Suppose -2*f + u = f. Suppose -5*a = 3*y - f, a = -2*a - y + 67. Calculate the remainder when a is divided by 8.
6
Let f = -1 - -17. Calculate the remainder when f is divided by 9.
7
Suppose 4 = -5*n + 3*b + 30, n - 2*b = 8. Suppose -5*m + n = -6. Calculate the remainder when 1 - 2/1 - -6 is divided by m.
1
Let w be 5/(-2) - 3/(-6). Let o(u) = u**3 + 5*u**2 + u + 2. Calculate the remainder when o(-4) is divided by (-14)/(-4 - w) - 2.
4
Let g(d) = 5*d. Let n(h) = h**2 - 4*h + 2. Let i be n(3). Let y(m) = -2*m**3 - m**2 - m. Let o be y(i). What is the remainder when 18 is divided by g(o)?
8
Suppose -102 = -2*b - b. What is the remainder when b is divided by 18?
16
Suppose -2*m - 4*m = -60. Suppose 3*p - 4*i + i = 66, 4*i = -p + 47. Calculate the remainder when p is divided by m.
7
Let c be (-6)/10 + (-36)/(-10). Suppose 74 = c*h + 11. What is the remainder when 83 is divided by h?
20
Let x(s) = -5*s + 16. Let u(n) = -4*n + 17. Let k(j) = 4*u(j) - 3*x(j). Let q = 2 - 2. What is the remainder when k(q) is divided by 11?
9
Suppose 0 = -5*g - 3*f + 27, 5*f - 2*f + 3 = 5*g. What is the remainder when g is divided by 2?
1
Suppose 0 = -3*v - 4*d + 73 + 98, 197 = 4*v - 5*d. Suppose -v = 5*c - 183. What is the remainder when c is divided by (-2)/(2 - 0) + 8?
5
Suppose 27 = -2*j + 5*j. Let r = j + -6. What is the remainder when 5 is divided by r?
2
Let k be (0 - (0 + 0)) + 5. Suppose -15 - 5 = -k*h. Suppose -5*r - 1 = -16. What is the remainder when h is divided by r?
1
Calculate the remainder when (13 + (-12)/3)*13/3 is divided by 14.
11
Let b(p) = -p**3 - 3*p**2 + 3*p - 1. Let i be b(-4). Suppose -r - 54 = -i*r. Calculate the remainder when 80 is divided by r.
26
Suppose -b + 0*w = 4*w + 8, 9 = 3*w. Let l = 54 + b. What is the remainder when l is divided by 9?
7
Suppose 3*l - 161 = 3*m - 4*m, l = -5*m + 833. What is the remainder when m is divided by 34?
31
Calculate the remainder when 30/4*(-1530)/(-27) is divided by 71.
70
What is the remainder when (-664)/(-10) + (-30)/(-50) is divided by 23?
21
Suppose i + 4 = g - 3, 0 = -2*g - 5*i - 21. Suppose x = -2*b - g*b + 65, 2*x = b - 23. Calculate the remainder when 32 is divided by b.
15
Suppose i = 2*w - 1, 7*w - 3 = 2*w + 3*i. Calculate the remainder when 9 is divided by 4*(3/4 - w).
0
Calculate the remainder when 54 is divided by (6/12)/((-1)/(-22)).
10
Suppose -2*a = x - 23, 0 = 5*a + 4*x - 6*x - 62. Suppose -b = -v + 33, 0 = 4*b + b - 5. Suppose -s = -2*s + v. Calculate the remainder when s is divided by a.
10
Suppose k - 1 = 2. Suppose -k*a - 178 = -4*b, a - 94 = 3*b - 5*b. Calculate the remainder when b is divided by 16.
14
Let p = -7 - -42. Calculate the remainder when p is divided by 19.
16
Let i = -24 - -41. Calculate the remainder when 135 is divided by i.
16
Suppose 0 = 3*d + 1 - 10. Suppose -3*l = 5*t - 10, d*t - 3*l - 6 = -0*t. Calculate the remainder when 35 is divided by -1 + (10 - -1) + t.
11
Suppose 3*b + 12 = 0, 4*w + 7*b - 8 = 2*b. Let s = -96 + 56. What is the remainder when 16/s - 132/(-5) is divided by w?
5
Suppose 5*d + 3*z = 250, 3*d + 4*z = 210 - 71. What is the remainder when d is divided by (-7)/(-2)*4*1?
11
Suppose 3*d = -b + 36 + 16, 0 = 3*d - 2*b - 58. Calculate the remainder when 32 is divided by d.
14
Let w = 32 - 20. Calculate the remainder when 22 is divided by w.
10
Let x(t) = -t**3 + 5*t**2 + 6*t + 3. What is the remainder when x(5) is divided by 9?
6
Let v = -70 + 34. Let w = 55 + v. Let z = 16 + -6. What is the remainder when w is divided by z?
9
Let l(b) = -5*b**2 + 4*b - b**3 - 2*b**3 + 2*b**3 - 3 - 2*b**2. Let x be l(-8). Suppose -4*c + 97 = x. Calculate the remainder when c is divided by 6.
5
Suppose 14 = a - 4*h, -3*